{"id":3074,"date":"2019-03-12T03:43:33","date_gmt":"2019-03-12T03:43:33","guid":{"rendered":"https:\/\/www.rar.fi\/rar\/?page_id=3074"},"modified":"2023-09-22T01:35:26","modified_gmt":"2023-09-22T01:35:26","slug":"tietosuojaseloste","status":"publish","type":"page","link":"https:\/\/www.rar.fi\/rar\/tietosuojaseloste\/","title":{"rendered":"Tietosuojaseloste"},"content":{"rendered":"<h3 style=\"margin-top: 40px;\">30.5.2018<\/h3>\n<h3>T\u00e4m\u00e4 on henkil\u00f6tietolain (10 ja 24 \u00a7) ja EU:n yleisen tietosuoja-asetuksen (GDPR) mukainen rekisteri- ja tietosuojaseloste.<\/h3>\n<hr \/>\n<h2>Rekisterinpit\u00e4j\u00e4<\/h2>\n<p>Ravij\u00e4rven Ratsastajat ry<br \/>\nPiispantie 507<br \/>\n49980 Ravijoki<\/p>\n<p>&nbsp;<\/p>\n<h2>Henkil\u00f6tietojen k\u00e4sittelij\u00e4 rar.fi-sivuston osalta<\/h2>\n<p>Tero Talvio<br \/>\ntero.talvio(a)rar.fi<\/p>\n<p>&nbsp;<\/p>\n<h2>Henkil\u00f6tietojen k\u00e4sittelyn tarkoitus<\/h2>\n<p>Henkil\u00f6tietolain 8 \u00a7:n mukaiset yleiset edellytykset;<br \/>\nViestint\u00e4 sivustolla vierailijan kanssa<\/p>\n<p>&nbsp;<\/p>\n<h2>Rekisterin tietosis\u00e4lt\u00f6<\/h2>\n<p>Nimi tai nimimerkki<br \/>\nS\u00e4hk\u00f6postiosoite<br \/>\nAsiointikieli<\/p>\n<p>&nbsp;<\/p>\n<h2>Verkkopalvelujen k\u00e4ytt\u00f6\u00f6n liittyv\u00e4t vierailijan tunnisteet<\/h2>\n<p>Vierailijan IP-osoite<\/p>\n<p>&nbsp;<\/p>\n<h2>Ev\u00e4steet<\/h2>\n<p>Sivusto k\u00e4ytt\u00e4\u00e4 vain sen toiminnan kannalta v\u00e4ltt\u00e4m\u00e4tt\u00f6mi\u00e4 ev\u00e4steit\u00e4. N\u00e4m\u00e4 ev\u00e4steet liittyv\u00e4t vierailijan tekemiin tietosuoja-asetuksiin.<\/p>\n<p>&nbsp;<\/p>\n<h2>S\u00e4\u00e4nn\u00f6nmukaiset tietol\u00e4hteet<\/h2>\n<p>Vierailijoiden itsens\u00e4 itsest\u00e4\u00e4n antamat tiedot.<\/p>\n<p>Kaikille sivustoille on ominaista, ett\u00e4 vierailijan k\u00e4ynnist\u00e4 tallentuu IP-osoite sek\u00e4 mahdollisesti muita teknisi\u00e4 tietoja. Jos vierailija p\u00e4\u00e4tt\u00e4\u00e4 antaa palautetta viestilomakkeen kautta, vierailijasta tallentuu my\u00f6s nimi tai nimimerkki ja s\u00e4hk\u00f6postiosoite.<\/p>\n<p>&nbsp;<\/p>\n<h2>Tietojen s\u00e4\u00e4nn\u00f6nmukaiset luovutukset<\/h2>\n<p>RaR ei luovuta sivustolla vierailleen henkil\u00f6n tai muun tahon antamia tietoja suoramarkkinointiin, et\u00e4myyntiin tai muihin vastaaviin tarkoituksiin. Tietoja voidaan luovuttaa viranomaisille lain niin vaatiessa tai tutkittaessa rikosta tai rikosep\u00e4ily\u00e4.<\/p>\n<p>&nbsp;<\/p>\n<h2>Henkil\u00f6tietojen s\u00e4ilytysaika<\/h2>\n<p>S\u00e4ilyt\u00e4mme henkil\u00f6tietoja vain niin kauan kuin se on tarpeen Tietosuojaselosteessa m\u00e4\u00e4riteltyjen k\u00e4ytt\u00f6tarkoituksien toteuttamiseksi, jollei lains\u00e4\u00e4d\u00e4nt\u00f6 muuta edellyt\u00e4. IP-osoitteen osalta tietojen s\u00e4ilytysaika on maksimissaan kaksi kuukautta siit\u00e4, kun vierailija on k\u00e4ynyt sivustolla.<\/p>\n<p>&nbsp;<\/p>\n<h2>Rekisterin suojauksen periaatteet<\/h2>\n<p>Tiedot s\u00e4ilytet\u00e4\u00e4n teknisesti suojattuina turvallisessa palvelinsalissa. Fyysinen p\u00e4\u00e4sy palvelinsaliin, jossa tiedot sijaitsevat on estetty kulunvalvonnan sek\u00e4 muiden turvatoimien avulla. P\u00e4\u00e4sy tietoihin vaatii riitt\u00e4v\u00e4t oikeudet, sek\u00e4 monivaiheisen tunnistautumisen. Ulkopuoliset hy\u00f6kk\u00e4ykset ja p\u00e4\u00e4sy rekisteritietoihin estet\u00e4\u00e4n mm. palomuuritekniikan avulla.<\/p>\n<p>&nbsp;<\/p>\n<h2>Rekister\u00f6idyn oikeudet<\/h2>\n<p>Rekisteriss\u00e4 olevalla henkil\u00f6ll\u00e4 on oikeus muun muassa:<\/p>\n<ol type=\"I\">\n<li style=\"list-style-type: none;\">\n<ol type=\"I\">\n<li>pyyt\u00e4\u00e4 rekisterinpit\u00e4j\u00e4lt\u00e4 p\u00e4\u00e4sy h\u00e4nt\u00e4 itse\u00e4\u00e4n koskeviin henkil\u00f6tietoihin sek\u00e4 oikeus pyyt\u00e4\u00e4 kyseisten tietojen oikaisemista tai poistamista taikka k\u00e4sittelyn rajoittamista tai vastustaa k\u00e4sittely\u00e4;<\/li>\n<\/ol>\n<\/li>\n<\/ol>\n<p>&nbsp;<\/p>\n<ol type=\"I\">\n<li style=\"list-style-type: none;\">\n<ol type=\"I\">\n<li>tarkastaa ja tarvittaessa saada korjattua mit\u00e4 tietoja h\u00e4nest\u00e4 on rekisteriss\u00e4. Rekisterin henkil\u00f6ll\u00e4 on oikeus muutoksiin niiss\u00e4 tiedoissa, jotka h\u00e4nest\u00e4 on kirjattu virheellisesti rekisteriin;<\/li>\n<\/ol>\n<\/li>\n<\/ol>\n<p>&nbsp;<\/p>\n<ol type=\"I\">\n<li style=\"list-style-type: none;\">\n<ol type=\"I\">\n<li>niilt\u00e4 osin kuin henkil\u00f6tietojen k\u00e4sittely perustuu rekister\u00f6idyn suostumukseen oikeus peruuttaa suostumus milloin tahansa t\u00e4m\u00e4n vaikuttamatta suostumuksen perusteella ennen sen peruuttamista suoritetun k\u00e4sittelyn lainmukaisuuteen;<\/li>\n<\/ol>\n<\/li>\n<\/ol>\n<p>&nbsp;<\/p>\n<ol type=\"I\">\n<li>tehd\u00e4 valitus henkil\u00f6tiedon k\u00e4sittelyst\u00e4 valvontaviranomaiselle.<\/li>\n<\/ol>\n<p>&nbsp;<\/p>\n<h2>Sivustolla esiintyv\u00e4t linkit<\/h2>\n<p>RaR-sivusto voi aika ajoin sis\u00e4lt\u00e4\u00e4 linkkej\u00e4 muille sivustoille tai muilta sivustoilta. Jos seuraat linkki\u00e4 jollekin n\u00e4ist\u00e4 sivustoista, huomaa, ett\u00e4 n\u00e4ill\u00e4 sivustoilla noudatetaan omaa yksityisyydensuojaa ja ett\u00e4 RaR ei ota mit\u00e4\u00e4n vastuuta n\u00e4iden sivustojen yksityisyydensuojasta. Tarkista n\u00e4m\u00e4 ehdot ennen kuin l\u00e4het\u00e4t henkil\u00f6kohtaisia tietoja n\u00e4ille sivustoille.<\/p>\n<p>&nbsp;<\/p>\n<h2>Muutokset<\/h2>\n<p>Kaikki rar.fi-sivuston tietosuojaselostetta koskevat muutokset julkaistaan t\u00e4ll\u00e4 sivulla.<\/p>\n<p>&nbsp;<\/p>\n<hr \/>\n","protected":false},"excerpt":{"rendered":"<p>30.5.2018 T\u00e4m\u00e4 on henkil\u00f6tietolain (10 ja 24 \u00a7) ja EU:n yleisen tietosuoja-asetuksen (GDPR) mukainen rekisteri- ja tietosuojaseloste. Rekisterinpit\u00e4j\u00e4 Ravij\u00e4rven Ratsastajat ry Piispantie 507 49980 Ravijoki &nbsp; Henkil\u00f6tietojen k\u00e4sittelij\u00e4 rar.fi-sivuston osalta Tero Talvio tero.talvio(a)rar.fi &nbsp; Henkil\u00f6tietojen k\u00e4sittelyn tarkoitus Henkil\u00f6tietolain 8 \u00a7:n mukaiset yleiset edellytykset; Viestint\u00e4 sivustolla vierailijan kanssa &nbsp; Rekisterin tietosis\u00e4lt\u00f6 Nimi tai nimimerkki S\u00e4hk\u00f6postiosoite Asiointikieli &nbsp; Verkkopalvelujen k\u00e4ytt\u00f6\u00f6n liittyv\u00e4t vierailijan tunnisteet Vierailijan IP-osoite &nbsp; Ev\u00e4steet Sivusto k\u00e4ytt\u00e4\u00e4 vain sen toiminnan kannalta v\u00e4ltt\u00e4m\u00e4tt\u00f6mi\u00e4 ev\u00e4steit\u00e4. N\u00e4m\u00e4 ev\u00e4steet liittyv\u00e4t vierailijan tekemiin tietosuoja-asetuksiin. &nbsp; S\u00e4\u00e4nn\u00f6nmukaiset tietol\u00e4hteet Vierailijoiden itsens\u00e4 itsest\u00e4\u00e4n antamat tiedot. Kaikille sivustoille on ominaista, ett\u00e4 vierailijan k\u00e4ynnist\u00e4 tallentuu IP-osoite sek\u00e4 mahdollisesti muita teknisi\u00e4 tietoja. Jos vierailija p\u00e4\u00e4tt\u00e4\u00e4 antaa palautetta viestilomakkeen kautta, vierailijasta tallentuu my\u00f6s nimi tai nimimerkki ja s\u00e4hk\u00f6postiosoite. &nbsp; Tietojen s\u00e4\u00e4nn\u00f6nmukaiset luovutukset RaR ei luovuta sivustolla vierailleen henkil\u00f6n tai muun tahon antamia tietoja suoramarkkinointiin, et\u00e4myyntiin tai muihin vastaaviin tarkoituksiin. Tietoja voidaan luovuttaa viranomaisille lain niin vaatiessa tai tutkittaessa rikosta tai rikosep\u00e4ily\u00e4. &nbsp; Henkil\u00f6tietojen s\u00e4ilytysaika S\u00e4ilyt\u00e4mme henkil\u00f6tietoja vain niin kauan kuin se on  [&#8230;]<\/p>\n","protected":false},"author":1,"featured_media":0,"parent":0,"menu_order":0,"comment_status":"closed","ping_status":"closed","template":"","meta":{"footnotes":""},"class_list":["post-3074","page","type-page","status-publish","hentry"],"yoast_head":"<!-- This site is optimized with the Yoast SEO plugin v27.3 - https:\/\/yoast.com\/product\/yoast-seo-wordpress\/ -->\n<title>Tietosuojaseloste - Ravij&auml;rven Ratsastajat<\/title>\n<meta name=\"robots\" content=\"noindex, nofollow\" \/>\n<meta property=\"og:locale\" content=\"fi_FI\" \/>\n<meta property=\"og:type\" content=\"article\" \/>\n<meta property=\"og:title\" content=\"Tietosuojaseloste - Ravij&auml;rven Ratsastajat\" \/>\n<meta property=\"og:description\" content=\"30.5.2018 T\u00e4m\u00e4 on henkil\u00f6tietolain (10 ja 24 \u00a7) ja EU:n yleisen tietosuoja-asetuksen (GDPR) mukainen rekisteri- ja tietosuojaseloste. Rekisterinpit\u00e4j\u00e4 Ravij\u00e4rven Ratsastajat ry Piispantie 507 49980 Ravijoki &nbsp; Henkil\u00f6tietojen k\u00e4sittelij\u00e4 rar.fi-sivuston osalta Tero Talvio tero.talvio(a)rar.fi &nbsp; Henkil\u00f6tietojen k\u00e4sittelyn tarkoitus Henkil\u00f6tietolain 8 \u00a7:n mukaiset yleiset edellytykset; Viestint\u00e4 sivustolla vierailijan kanssa &nbsp; Rekisterin tietosis\u00e4lt\u00f6 Nimi tai nimimerkki S\u00e4hk\u00f6postiosoite Asiointikieli &nbsp; Verkkopalvelujen k\u00e4ytt\u00f6\u00f6n liittyv\u00e4t vierailijan tunnisteet Vierailijan IP-osoite &nbsp; Ev\u00e4steet Sivusto k\u00e4ytt\u00e4\u00e4 vain sen toiminnan kannalta v\u00e4ltt\u00e4m\u00e4tt\u00f6mi\u00e4 ev\u00e4steit\u00e4. N\u00e4m\u00e4 ev\u00e4steet liittyv\u00e4t vierailijan tekemiin tietosuoja-asetuksiin. &nbsp; S\u00e4\u00e4nn\u00f6nmukaiset tietol\u00e4hteet Vierailijoiden itsens\u00e4 itsest\u00e4\u00e4n antamat tiedot. Kaikille sivustoille on ominaista, ett\u00e4 vierailijan k\u00e4ynnist\u00e4 tallentuu IP-osoite sek\u00e4 mahdollisesti muita teknisi\u00e4 tietoja. Jos vierailija p\u00e4\u00e4tt\u00e4\u00e4 antaa palautetta viestilomakkeen kautta, vierailijasta tallentuu my\u00f6s nimi tai nimimerkki ja s\u00e4hk\u00f6postiosoite. &nbsp; Tietojen s\u00e4\u00e4nn\u00f6nmukaiset luovutukset RaR ei luovuta sivustolla vierailleen henkil\u00f6n tai muun tahon antamia tietoja suoramarkkinointiin, et\u00e4myyntiin tai muihin vastaaviin tarkoituksiin. Tietoja voidaan luovuttaa viranomaisille lain niin vaatiessa tai tutkittaessa rikosta tai rikosep\u00e4ily\u00e4. &nbsp; Henkil\u00f6tietojen s\u00e4ilytysaika S\u00e4ilyt\u00e4mme henkil\u00f6tietoja vain niin kauan kuin se on [...]\" \/>\n<meta property=\"og:url\" content=\"https:\/\/www.rar.fi\/rar\/tietosuojaseloste\/\" \/>\n<meta property=\"og:site_name\" content=\"Ravij&auml;rven Ratsastajat\" \/>\n<meta property=\"article:modified_time\" content=\"2023-09-22T01:35:26+00:00\" \/>\n<meta name=\"twitter:card\" content=\"summary_large_image\" \/>\n<meta name=\"twitter:label1\" content=\"Arvioitu lukuaika\" \/>\n\t<meta name=\"twitter:data1\" content=\"3 minuuttia\" \/>\n<script type=\"application\/ld+json\" class=\"yoast-schema-graph\">{\"@context\":\"https:\\\/\\\/schema.org\",\"@graph\":[{\"@type\":\"WebPage\",\"@id\":\"https:\\\/\\\/www.rar.fi\\\/rar\\\/tietosuojaseloste\\\/\",\"url\":\"https:\\\/\\\/www.rar.fi\\\/rar\\\/tietosuojaseloste\\\/\",\"name\":\"Tietosuojaseloste - Ravij&auml;rven Ratsastajat\",\"isPartOf\":{\"@id\":\"https:\\\/\\\/www.rar.fi\\\/rar\\\/#website\"},\"datePublished\":\"2019-03-12T03:43:33+00:00\",\"dateModified\":\"2023-09-22T01:35:26+00:00\",\"breadcrumb\":{\"@id\":\"https:\\\/\\\/www.rar.fi\\\/rar\\\/tietosuojaseloste\\\/#breadcrumb\"},\"inLanguage\":\"fi\",\"potentialAction\":[{\"@type\":\"ReadAction\",\"target\":[\"https:\\\/\\\/www.rar.fi\\\/rar\\\/tietosuojaseloste\\\/\"]}]},{\"@type\":\"BreadcrumbList\",\"@id\":\"https:\\\/\\\/www.rar.fi\\\/rar\\\/tietosuojaseloste\\\/#breadcrumb\",\"itemListElement\":[{\"@type\":\"ListItem\",\"position\":1,\"name\":\"Etusivu\",\"item\":\"https:\\\/\\\/www.rar.fi\\\/rar\\\/\"},{\"@type\":\"ListItem\",\"position\":2,\"name\":\"Tietosuojaseloste\"}]},{\"@type\":\"WebSite\",\"@id\":\"https:\\\/\\\/www.rar.fi\\\/rar\\\/#website\",\"url\":\"https:\\\/\\\/www.rar.fi\\\/rar\\\/\",\"name\":\"Ravij&auml;rven Ratsastajat\",\"description\":\"Sinun ratsastusseurasi\",\"publisher\":{\"@id\":\"https:\\\/\\\/www.rar.fi\\\/rar\\\/#organization\"},\"potentialAction\":[{\"@type\":\"SearchAction\",\"target\":{\"@type\":\"EntryPoint\",\"urlTemplate\":\"https:\\\/\\\/www.rar.fi\\\/rar\\\/?s={search_term_string}\"},\"query-input\":{\"@type\":\"PropertyValueSpecification\",\"valueRequired\":true,\"valueName\":\"search_term_string\"}}],\"inLanguage\":\"fi\"},{\"@type\":\"Organization\",\"@id\":\"https:\\\/\\\/www.rar.fi\\\/rar\\\/#organization\",\"name\":\"Ravij&auml;rven Ratsastajat\",\"url\":\"https:\\\/\\\/www.rar.fi\\\/rar\\\/\",\"logo\":{\"@type\":\"ImageObject\",\"inLanguage\":\"fi\",\"@id\":\"https:\\\/\\\/www.rar.fi\\\/rar\\\/#\\\/schema\\\/logo\\\/image\\\/\",\"url\":\"https:\\\/\\\/www.rar.fi\\\/rar\\\/wp-content\\\/uploads\\\/2023\\\/09\\\/logo-20v-500x500-1.png\",\"contentUrl\":\"https:\\\/\\\/www.rar.fi\\\/rar\\\/wp-content\\\/uploads\\\/2023\\\/09\\\/logo-20v-500x500-1.png\",\"width\":300,\"height\":300,\"caption\":\"Ravij&auml;rven Ratsastajat\"},\"image\":{\"@id\":\"https:\\\/\\\/www.rar.fi\\\/rar\\\/#\\\/schema\\\/logo\\\/image\\\/\"}}]}<\/script>\n<!-- \/ Yoast SEO plugin. -->","yoast_head_json":{"title":"Tietosuojaseloste - Ravij&auml;rven Ratsastajat","robots":{"index":"noindex","follow":"nofollow"},"og_locale":"fi_FI","og_type":"article","og_title":"Tietosuojaseloste - Ravij&auml;rven Ratsastajat","og_description":"30.5.2018 T\u00e4m\u00e4 on henkil\u00f6tietolain (10 ja 24 \u00a7) ja EU:n yleisen tietosuoja-asetuksen (GDPR) mukainen rekisteri- ja tietosuojaseloste. Rekisterinpit\u00e4j\u00e4 Ravij\u00e4rven Ratsastajat ry Piispantie 507 49980 Ravijoki &nbsp; Henkil\u00f6tietojen k\u00e4sittelij\u00e4 rar.fi-sivuston osalta Tero Talvio tero.talvio(a)rar.fi &nbsp; Henkil\u00f6tietojen k\u00e4sittelyn tarkoitus Henkil\u00f6tietolain 8 \u00a7:n mukaiset yleiset edellytykset; Viestint\u00e4 sivustolla vierailijan kanssa &nbsp; Rekisterin tietosis\u00e4lt\u00f6 Nimi tai nimimerkki S\u00e4hk\u00f6postiosoite Asiointikieli &nbsp; Verkkopalvelujen k\u00e4ytt\u00f6\u00f6n liittyv\u00e4t vierailijan tunnisteet Vierailijan IP-osoite &nbsp; Ev\u00e4steet Sivusto k\u00e4ytt\u00e4\u00e4 vain sen toiminnan kannalta v\u00e4ltt\u00e4m\u00e4tt\u00f6mi\u00e4 ev\u00e4steit\u00e4. N\u00e4m\u00e4 ev\u00e4steet liittyv\u00e4t vierailijan tekemiin tietosuoja-asetuksiin. &nbsp; S\u00e4\u00e4nn\u00f6nmukaiset tietol\u00e4hteet Vierailijoiden itsens\u00e4 itsest\u00e4\u00e4n antamat tiedot. Kaikille sivustoille on ominaista, ett\u00e4 vierailijan k\u00e4ynnist\u00e4 tallentuu IP-osoite sek\u00e4 mahdollisesti muita teknisi\u00e4 tietoja. Jos vierailija p\u00e4\u00e4tt\u00e4\u00e4 antaa palautetta viestilomakkeen kautta, vierailijasta tallentuu my\u00f6s nimi tai nimimerkki ja s\u00e4hk\u00f6postiosoite. &nbsp; Tietojen s\u00e4\u00e4nn\u00f6nmukaiset luovutukset RaR ei luovuta sivustolla vierailleen henkil\u00f6n tai muun tahon antamia tietoja suoramarkkinointiin, et\u00e4myyntiin tai muihin vastaaviin tarkoituksiin. Tietoja voidaan luovuttaa viranomaisille lain niin vaatiessa tai tutkittaessa rikosta tai rikosep\u00e4ily\u00e4. &nbsp; Henkil\u00f6tietojen s\u00e4ilytysaika S\u00e4ilyt\u00e4mme henkil\u00f6tietoja vain niin kauan kuin se on [...]","og_url":"https:\/\/www.rar.fi\/rar\/tietosuojaseloste\/","og_site_name":"Ravij&auml;rven Ratsastajat","article_modified_time":"2023-09-22T01:35:26+00:00","twitter_card":"summary_large_image","twitter_misc":{"Arvioitu lukuaika":"3 minuuttia"},"schema":{"@context":"https:\/\/schema.org","@graph":[{"@type":"WebPage","@id":"https:\/\/www.rar.fi\/rar\/tietosuojaseloste\/","url":"https:\/\/www.rar.fi\/rar\/tietosuojaseloste\/","name":"Tietosuojaseloste - Ravij&auml;rven Ratsastajat","isPartOf":{"@id":"https:\/\/www.rar.fi\/rar\/#website"},"datePublished":"2019-03-12T03:43:33+00:00","dateModified":"2023-09-22T01:35:26+00:00","breadcrumb":{"@id":"https:\/\/www.rar.fi\/rar\/tietosuojaseloste\/#breadcrumb"},"inLanguage":"fi","potentialAction":[{"@type":"ReadAction","target":["https:\/\/www.rar.fi\/rar\/tietosuojaseloste\/"]}]},{"@type":"BreadcrumbList","@id":"https:\/\/www.rar.fi\/rar\/tietosuojaseloste\/#breadcrumb","itemListElement":[{"@type":"ListItem","position":1,"name":"Etusivu","item":"https:\/\/www.rar.fi\/rar\/"},{"@type":"ListItem","position":2,"name":"Tietosuojaseloste"}]},{"@type":"WebSite","@id":"https:\/\/www.rar.fi\/rar\/#website","url":"https:\/\/www.rar.fi\/rar\/","name":"Ravij&auml;rven Ratsastajat","description":"Sinun ratsastusseurasi","publisher":{"@id":"https:\/\/www.rar.fi\/rar\/#organization"},"potentialAction":[{"@type":"SearchAction","target":{"@type":"EntryPoint","urlTemplate":"https:\/\/www.rar.fi\/rar\/?s={search_term_string}"},"query-input":{"@type":"PropertyValueSpecification","valueRequired":true,"valueName":"search_term_string"}}],"inLanguage":"fi"},{"@type":"Organization","@id":"https:\/\/www.rar.fi\/rar\/#organization","name":"Ravij&auml;rven Ratsastajat","url":"https:\/\/www.rar.fi\/rar\/","logo":{"@type":"ImageObject","inLanguage":"fi","@id":"https:\/\/www.rar.fi\/rar\/#\/schema\/logo\/image\/","url":"https:\/\/www.rar.fi\/rar\/wp-content\/uploads\/2023\/09\/logo-20v-500x500-1.png","contentUrl":"https:\/\/www.rar.fi\/rar\/wp-content\/uploads\/2023\/09\/logo-20v-500x500-1.png","width":300,"height":300,"caption":"Ravij&auml;rven Ratsastajat"},"image":{"@id":"https:\/\/www.rar.fi\/rar\/#\/schema\/logo\/image\/"}}]}},"_links":{"self":[{"href":"https:\/\/www.rar.fi\/rar\/wp-json\/wp\/v2\/pages\/3074","targetHints":{"allow":["GET"]}}],"collection":[{"href":"https:\/\/www.rar.fi\/rar\/wp-json\/wp\/v2\/pages"}],"about":[{"href":"https:\/\/www.rar.fi\/rar\/wp-json\/wp\/v2\/types\/page"}],"author":[{"embeddable":true,"href":"https:\/\/www.rar.fi\/rar\/wp-json\/wp\/v2\/users\/1"}],"replies":[{"embeddable":true,"href":"https:\/\/www.rar.fi\/rar\/wp-json\/wp\/v2\/comments?post=3074"}],"version-history":[{"count":0,"href":"https:\/\/www.rar.fi\/rar\/wp-json\/wp\/v2\/pages\/3074\/revisions"}],"wp:attachment":[{"href":"https:\/\/www.rar.fi\/rar\/wp-json\/wp\/v2\/media?parent=3074"}],"curies":[{"name":"wp","href":"https:\/\/api.w.org\/{rel}","templated":true}]}}